st common divisor of 153 and 36.
9
What is the greatest common factor of 35 and 161?
7
Calculate the greatest common divisor of 220 and 100.
20
What is the greatest common factor of 1243 and 565?
113
Calculate the greatest common factor of 9 and 243.
9
Calculate the greatest common divisor of 11 and 5401.
11
Calculate the greatest common divisor of 15 and 135.
15
Calculate the greatest common divisor of 120 and 432.
24
Calculate the highest common factor of 243 and 405.
81
What is the greatest common factor of 2106 and 81?
81
Calculate the highest common factor of 1580 and 80.
20
What is the highest common factor of 72 and 738?
18
Calculate the greatest common factor of 1070 and 10.
10
Calculate the highest common factor of 225 and 50.
25
What is the highest common factor of 165 and 1265?
55
Calculate the highest common divisor of 132 and 242.
22
Calculate the greatest common factor of 135 and 15.
15
Calculate the greatest common factor of 228 and 54.
6
Calculate the greatest common divisor of 1456 and 112.
112
Calculate the highest common divisor of 126 and 14.
14
Calculate the greatest common factor of 1 and 278.
1
What is the greatest common divisor of 44 and 708?
4
Calculate the greatest common factor of 18 and 30.
6
What is the greatest common divisor of 10 and 2230?
10
Calculate the highest common divisor of 790 and 316.
158
Calculate the highest common divisor of 2730 and 60.
30
Calculate the greatest common divisor of 704 and 77.
11
Calculate the greatest common factor of 24 and 5792.
8
What is the highest common divisor of 1525 and 100?
25
What is the highest common divisor of 2923 and 703?
37
What is the greatest common factor of 246 and 6?
6
Calculate the greatest common factor of 2756 and 39.
13
What is the greatest common factor of 14 and 9310?
14
Calculate the highest common factor of 50 and 50.
50
Calculate the highest common divisor of 3462 and 12.
6
What is the greatest common factor of 1230 and 5?
5
Calculate the highest common divisor of 61 and 61.
61
What is the highest common divisor of 5 and 64?
1
Calculate the highest common divisor of 4452 and 84.
84
Calculate the greatest common divisor of 2 and 240.
2
Calculate the greatest common divisor of 462 and 3542.
154
Calculate the highest common divisor of 200 and 160.
40
Calculate the highest common divisor of 6 and 933.
3
Calculate the greatest common factor of 62 and 403.
31
What is the highest common divisor of 1 and 6011?
1
Calculate the greatest common divisor of 204 and 22644.
204
What is the highest common divisor of 1950 and 234?
78
Calculate the highest common factor of 7073 and 11.
11
What is the greatest common factor of 96 and 3888?
48
Calculate the greatest common factor of 64 and 1.
1
What is the greatest common factor of 334 and 4?
2
What is the greatest common factor of 78 and 67314?
78
Calculate the greatest common divisor of 1 and 43.
1
Calculate the greatest common factor of 94 and 2726.
94
Calculate the highest common factor of 85 and 51.
17
Calculate the highest common divisor of 2 and 64.
2
Calculate the greatest common factor of 19768 and 112.
56
Calculate the highest common factor of 74 and 185.
37
Calculate the highest common factor of 1288 and 448.
56
Calculate the greatest common factor of 260 and 6.
2
Calculate the highest common factor of 30 and 186.
6
Calculate the highest common divisor of 1298 and 253.
11
Calculate the highest common divisor of 290 and 2088.
58
Calculate the greatest common divisor of 39 and 50076.
39
What is the greatest common factor of 228 and 380?
76
Calculate the greatest common divisor of 150 and 22150.
50
What is the highest common factor of 136 and 56?
8
Calculate the greatest common divisor of 1029 and 168.
21
What is the greatest common factor of 732 and 12?
12
Calculate the greatest common factor of 17 and 3043.
17
Calculate the highest common divisor of 12909 and 52.
13
What is the greatest common divisor of 20 and 90?
10
Calculate the highest common divisor of 711 and 2449.
79
What is the greatest common divisor of 1309 and 2737?
119
Calculate the highest common divisor of 90 and 30.
30
Calculate the highest common factor of 168 and 48.
24
Calculate the greatest common divisor of 39204 and 132.
132
Calculate the highest common factor of 1457 and 124.
31
What is the highest common divisor of 5 and 140?
5
Calculate the greatest common factor of 7340 and 120.
20
What is the highest common factor of 13 and 91?
13
What is the highest common divisor of 228 and 84?
12
What is the highest common divisor of 32 and 104?
8
Calculate the highest common divisor of 53 and 1219.
53
What is the greatest common factor of 114 and 12?
6
What is the highest common factor of 105 and 150?
15
What is the greatest common factor of 10 and 580?
10
Calculate the highest common divisor of 16 and 10.
2
Calculate the highest common divisor of 63 and 819.
63
Calculate the highest common factor of 255 and 51.
51
Calculate the greatest common factor of 250 and 6.
2
What is the greatest common factor of 1000 and 5?
5
What is the highest common divisor of 810 and 610?
10
Calculate the greatest common divisor of 470 and 130.
10
Calculate the highest common divisor of 84 and 2100.
84
What is the highest common factor of 48 and 648?
24
Calculate the highest common divisor of 1081 and 46.
23
What is the greatest common factor of 364 and 112?
28
Calculate the greatest common divisor of 689 and 26.
13
What is the greatest common divisor of 7 and 1001?
7
What is the highest common divisor of 77 and 2497?
11
What is the greatest common divisor of 8 and 7976?
8
What is the greatest common factor of 11618 and 314?
314
Calculate the greatest common factor of 102 and 272.
34
What is the greatest common factor of 760 and 320?
40
Calculate the highest common factor of 18 and 72.
18
Calculate the highest common divisor of 40 and 3140.
20
Calculate the greatest common factor of 1872 and 333.
9
What is the greatest common factor of 120 and 60?
60
Calculate the highest common divisor of 5 and 1415.
5
What is the highest common factor of 100 and 2725?
25
Calculate the greatest common factor of 1806 and 462.
42
What is the highest common factor of 423 and 63?
9
What is the highest common divisor of 105 and 1785?
105
Calculate the greatest common factor of 1012 and 16.
4
Calculate the highest common factor of 194 and 679.
97
What is the highest common factor of 65 and 25?
5
Calculate the greatest common divisor of 676 and 4.
4
Calculate the greatest common divisor of 954 and 20.
2
What is the greatest common divisor of 172 and 7654?
86
Calculate the highest common divisor of 3161 and 218.
109
What is the highest common factor of 70 and 56?
14
What is the greatest common divisor of 226 and 2938?
226
What is the greatest common factor of 648 and 7614?
162
Calculate the greatest common factor of 11440 and 130.
130
Calculate the highest common factor of 96 and 45536.
32
Calculate the greatest common factor of 946 and 66.
22
What is the highest common factor of 327 and 436?
109
Calculate the highest common divisor of 98 and 350.
14
Calculate the highest common factor of 41525 and 275.
275
What is the greatest common factor of 73 and 365?
73
What is the greatest common divisor of 108 and 132?
12
Calculate the highest common divisor of 77 and 847.
77
Calculate the highest common factor of 1140 and 16910.
190
What is the highest common factor of 16203 and 132?
33
Calculate the greatest common factor of 128 and 184.
8
Calculate the greatest common divisor of 94 and 423.
47
Calculate the highest common divisor of 132 and 48.
12
What is the highest common factor of 26 and 104?
26
What is the highest common factor of 11781 and 126?
63
Calculate the highest common divisor of 2006 and 944.
118
What is the highest common factor of 48 and 544?
16
What is the greatest common divisor of 338 and 10647?
169
What is the greatest common factor of 63 and 105?
21
Calculate the greatest common divisor of 312 and 3.
3
What is the highest common divisor of 328 and 41?
41
Calculate the greatest common divisor of 553 and 14.
7
What is the highest common factor of 12 and 28?
4
Calculate the highest common factor of 26 and 598.
26
What is the highest common divisor of 637 and 117?
13
What is th